{"batchcomplete":"","continue":{"lecontinue":"20230124071959|1531","continue":"-||"},"query":{"logevents":[{"logid":1541,"ns":14,"title":"Cat\u00e9gorie:Comtet, Denis","pageid":1155,"logpage":1155,"params":{},"type":"create","action":"create","user":"Airy","timestamp":"2024-04-28T10:43:06Z","comment":"Page cr\u00e9\u00e9e avec \u00ab   [[Cat\u00e9gorie:Organiste]] \u00bb"},{"logid":1540,"ns":14,"title":"Cat\u00e9gorie:Godewaersvelde","pageid":1154,"logpage":1154,"params":{},"type":"create","action":"create","user":"Airy","timestamp":"2024-04-21T19:43:10Z","comment":"Page cr\u00e9\u00e9e avec \u00ab   [[Cat\u00e9gorie:Nord]] \u00bb"},{"logid":1539,"ns":0,"title":"Abbaye Sainte Marie du Mont des Cats","pageid":1153,"logpage":1153,"params":{},"type":"create","action":"create","user":"Airy","timestamp":"2024-04-21T19:35:38Z","comment":"Page cr\u00e9\u00e9e avec \u00ab  = \u00c9difice =  = Historique =  Orgue construit par Philippe Hartmann.  = \u00c9tat =  Moyen en 4/2024. La m\u00e9canique n\u00e9cessite de fr\u00e9quents r\u00e9glages ; par exemple, le clavi... \u00bb"},{"logid":1538,"ns":14,"title":"Cat\u00e9gorie:Requier, Quentin","pageid":1152,"logpage":1152,"params":{},"type":"create","action":"create","user":"Airy","timestamp":"2023-09-24T16:20:06Z","comment":"Page cr\u00e9\u00e9e avec \u00ab   [[Cat\u00e9gorie:Facteur]] \u00bb"},{"logid":1537,"ns":0,"title":"Requier, Quentin","pageid":1151,"logpage":1151,"params":{},"type":"create","action":"create","user":"Airy","timestamp":"2023-09-24T16:18:48Z","comment":"Page cr\u00e9\u00e9e avec \u00ab   [[Cat\u00e9gorie:Facteur]] \u00bb"},{"logid":1536,"ns":0,"title":"Saint-Quentin, Basilique (2023)","pageid":1150,"logpage":1150,"params":{},"type":"create","action":"create","user":"Airy","timestamp":"2023-09-24T15:38:24Z","comment":"Page cr\u00e9\u00e9e avec \u00ab = Historique =  Concernant l'histoire de l'orgue de tribune de la basilique de St Quentin avant 2023, voir [[Saint-Quentin, Basilique]].  [[Cat\u00e9gorie:Saint-Quentin]] Ca... \u00bb"},{"logid":1535,"ns":14,"title":"Cat\u00e9gorie:Pierre et Thomas de La Fontaine","pageid":1149,"logpage":1149,"params":{},"type":"create","action":"create","user":"Airy","timestamp":"2023-02-26T16:22:08Z","comment":"Page cr\u00e9\u00e9e avec \u00ab   [[Cat\u00e9gorie:Facteur]] \u00bb"},{"logid":1534,"ns":14,"title":"Cat\u00e9gorie:Mathieu Le Roy","pageid":1148,"logpage":1148,"params":{},"type":"create","action":"create","user":"Airy","timestamp":"2023-02-26T16:05:56Z","comment":"Page cr\u00e9\u00e9e avec \u00ab   [[Cat\u00e9gorie:Facteur]] \u00bb"},{"logid":1533,"ns":0,"title":"Lille, couvent des Clarisses","pageid":1147,"logpage":1147,"params":{},"type":"create","action":"create","user":"Airy","timestamp":"2023-02-26T16:05:13Z","comment":"Page cr\u00e9\u00e9e avec \u00ab Ce couvent, situ\u00e9 \u00e0 l'emplacement de l'actuel centre commercial des Tanneurs, a \u00e9t\u00e9 d\u00e9moli au d\u00e9but du XIX\u00e8 si\u00e8cle<ref>[https://www.cairn.info/revue-du-nord-2006-5... \u00bb"},{"logid":1532,"ns":14,"title":"Cat\u00e9gorie:Guillemin","pageid":1146,"logpage":1146,"params":{},"type":"create","action":"create","user":"Airy","timestamp":"2023-01-24T07:27:54Z","comment":"Page cr\u00e9\u00e9e avec \u00ab   [[Cat\u00e9gorie:Facteur]] \u00bb"}]}}

Catégorie:Comtet, Denis

Page créée avec «   [[Catégorie:Organiste]] »

Catégorie:Godewaersvelde

Page créée avec «   [[Catégorie:Nord]] »

Page créée avec «  = Édifice =  = Historique =  Orgue construit par Philippe Hartmann.  = État =  Moyen en 4/2024. La mécanique nécessite de fréquents réglages ; par exemple, le clavi... »

Catégorie:Requier, Quentin

Page créée avec «   [[Catégorie:Facteur]] »

Page créée avec « = Historique =  Concernant l'histoire de l'orgue de tribune de la basilique de St Quentin avant 2023, voir [[Saint-Quentin, Basilique]].  [[Catégorie:Saint-Quentin]] Ca... »

Catégorie:Pierre et Thomas de La Fontaine

Catégorie:Mathieu Le Roy

Page créée avec « Ce couvent, situé à l'emplacement de l'actuel centre commercial des Tanneurs, a été démoli au début du XIXè siècle<ref>[https://www.cairn.info/revue-du-nord-2006-5... »

Catégorie:Guillemin
